l = 8 - 9. Let q be ((-30)/12)/(l/2). Suppose -1 = -u, q*f - 11 = -2*u + 6. Calculate x(f).
-5
Let y(w) = w**2 + w**2 - 3*w**2 - 9*w - 2*w - 4 - 2*w. Calculate y(-13).
-4
Let a(l) = -l**3 + 8*l**2 - 4*l - 2. Let k be a(7). Let p(j) = 4 - 22*j + k*j - 3. Give p(-2).
7
Let p(i) be the third derivative of -i**6/120 - i**4/24 + 19*i**3/3 - 95*i**2. Calculate p(0).
38
Let n(c) = 13*c**2 - 8*c + 6. Let x(q) = -15*q**2 + 8*q - 8. Let d(g) = 7*n(g) + 6*x(g). Give d(10).
14
Suppose -5*v = 25, -4*l - 4*v - 20 = 24. Let y(x) be the third derivative of x**4/24 + x**3/3 + 350*x**2. Give y(l).
-4
Let s(q) be the first derivative of -q**3 - q**2/2 - q + 3. Let m be ((-6)/8 - -2)*4. Suppose 6 = -m*d + 2*d. Determine s(d).
-11
Let x = 452 - 448. Let p(m) = -m**3 + m**2 + m - 5. Give p(x).
-49
Let t(k) = 62*k - 3 - 1 - 2 - 63*k. Calculate t(9).
-15
Let o(y) = 0*y + 0*y - 8 - y**3 + 2*y + 8*y**2 + 0*y**3. Suppose w - 3*n - 2 = -0*n, 4*w - 3*n - 26 = 0. What is o(w)?
8
Let m(i) = 6*i**3 - 43*i**2 + 21*i - 97. Let g be m(7). Let r(v) be the third derivative of v**4/4 - v**2. Calculate r(g).
6
Let b(g) be the third derivative of 0*g + 5/24*g**4 - 1/6*g**3 + 14*g**2 + 0. What is b(3)?
14
Let w(d) = -3*d**2 - 3*d. Let g(p) be the first derivative of p**3/3 - 3*p**2 + 6*p - 11. Let a be g(4). Give w(a).
-6
Let w(f) be the second derivative of 0*f**2 - 1/840*f**7 - 1/6*f**4 + f**3 + f - 1/60*f**6 + 0 + 0*f**5. Let j(q) be the second derivative of w(q). Give j(-6).
-4
Let i(q) be the second derivative of q**4/12 - q**3/6 + q**2 + 3*q. Let k be (-74)/(-14) - 8/28. Suppose -2*j - 4*h - 4 = 0, -k*j - 4*h - 5 = h. Calculate i(j).
2
Let p(d) = -d + 6. Let r be p(-6). Let a be (-78)/r - (-1)/(-2). Let u(z) be the first derivative of -z**4/4 - 2*z**3 + 7*z**2/2 + z + 31. What is u(a)?
1
Suppose -4*v = 12, -2*v - 27 = -5*p + 2*v. Let q(s) = s**3 - 2*s**2 - 4*s + 4. Calculate q(p).
1
Let o(l) be the second derivative of -l**3/3 - 11*l**2/2 - 12*l - 5. What is o(-6)?
1
Let r(w) = -3*w + 1 - 2*w - 5 - 2*w. Let x(n) = -8*n - 5. Let f(a) = 7*r(a) - 6*x(a). Calculate f(6).
-4
Suppose 0 = -m - 2 + 4. Let r(a) = -4*a**2 + a + 5*a**m - 4*a. Let j(g) = 2*g**2 + 42*g - 141. Let t be j(-24). Give r(t).
0
Let h = 15 - 13. Let u(n) = 7*n + 6. Let v(w) = 6*w + 5. Suppose -4 = -0*x - x. Let d(o) = x*u(o) - 5*v(o). Determine d(h).
-5
Let c(k) = -k**2 - 1. Let t(r) = 7*r**2 - 2*r + 6. Let s(o) = -6*c(o) - t(o). Calculate s(3).
-3
Suppose -8*t = -1 + 9. Let g(a) = 1. Let q(h) be the first derivative of h**2 + 4*h + 1. Let z(j) = t*q(j) + 4*g(j). Give z(-5).
10
Suppose 0 = -2*y - 5*y + 14. Let o(t) = -2*t**3 + 3*t**2 - t. Calculate o(y).
-6
Let f be 4/(-10)*(-35)/14. Let g = -1 + f. Let c(u) = 13*u + 1. Let a(h) = 11*h. Let i(l) = 6*a(l) - 5*c(l). What is i(g)?
-5
Let x(w) = -83 + 161 - w - 71. Give x(0).
7
Let c(v) = -v + 3 + 8*v**2 - 4 + 4 - 4. Let m = 9 - 10. Give c(m).
8
Let n(a) be the first derivative of -a**3 + 2*a**2 - 243. Give n(4).
-32
Suppose -15 = 3*w, u - 1 = -3*w - 16. Suppose 2*z - 3 = 3, 3*k - 2*z = u. Let h(a) = 11*a + 4. Let j(i) = -12*i - 5. Let v(n) = 6*h(n) + 5*j(n). Give v(k).
11
Let h(f) = 4*f + 2. Let u(r) = -3*r - 4. Let o(g) = -5*g - 8. Let i(p) = 6*o(p) - 13*u(p). Let n(q) = 5*h(q) - 3*i(q). Calculate n(-2).
12
Let s = -6 - -8. Let h(v) = 7*v + s + v - v - 6*v. What is h(-5)?
-3
Let i(c) = -5*c**2 - 16*c - 16. Let m(w) be the second derivative of w**4/6 + 5*w**3/6 + 5*w**2/2 + 4*w. Let b(x) = -3*i(x) - 8*m(x). Calculate b(6).
20
Let s(x) = x**3 + 8*x**2 + 9*x + 16. Let n be s(-7). Let u(a) = a**2 + 0*a**n - 201*a + 199*a. Determine u(3).
3
Let q(d) = 133*d**3 - 7*d**2 + 27*d + 11. Let y(t) = 44*t**3 - 2*t**2 + 8*t + 3. Let b(u) = -2*q(u) + 7*y(u). What is b(1)?
43
Let m(o) = 3*o**3 - 2*o**2 + o - 2. Let z(a) = 13*a**3 - 8*a**2 + 5*a - 8. Let g(y) = 9*m(y) - 2*z(y). Let c be (-10)/(-3) - 1*2/6. Calculate g(c).
4
Let z(g) be the first derivative of 5*g**2/2 + 2*g - 4. Suppose 0 = -3*o + 3, 0 = s - 5*o + o + 1. Suppose 0 = -a + s, a = 2*t + 9. Determine z(t).
-13
Let u(t) = 2*t - 4. Let f be u(7). Let z be 48/f - (-12)/(-15). Suppose -i - 14 = -0*i - z*o, i - o = -2. Let q(b) = 8*b - 2. Calculate q(i).
14
Let c(t) be the first derivative of t**4/4 - 14*t**3/3 + t**2/2 - 7*t + 265. Determine c(14).
7
Let f(b) = -5*b + 1. Let x be -9 - (-18 + -2 + 7). Calculate f(x).
-19
Let o(v) = -31 + 19 + 17 + v + 0*v. Determine o(-7).
-2
Let r(v) = -69*v - 29. Let y(b) = -25*b - 10. Let s(g) = -4*r(g) + 11*y(g). What is s(3)?
9
Let v(p) = -39*p + 52. Let r(u) = u - 2. Let m(x) = -26*r(x) - v(x). Determine m(1).
13
Suppose -4*j + 32 = -3*v, -v = -4*v - 2*j - 2. Let h(n) = -n**3 - 3*n**2 - n - 1. Calculate h(v).
19
Let l(w) be the second derivative of -w**5/20 - 5*w**4/12 - 7*w**2/2 + 106*w + 1. Determine l(-5).
-7
Let f(d) = -4*d**2 - 2*d. Let m(p) = p + 6. Let j be m(-3). Suppose x = -j*x - 20. Let c be (4/10)/(1/x). Determine f(c).
-12
Let q be -3 + (-2 - -2) + -4. Let y(k) = k. Let w be y(q). Let r(o) = o - 9. What is r(w)?
-16
Let m(u) = -u - 5. Let b be m(-6). Let v(w) = 6*w**2 + b - 3*w**2 + 2*w - 3*w**2 + 5*w**2. Determine v(-1).
4
Let s = -108 + 120. Let g(h) = 13 - 2 + 4*h - s. Determine g(-2).
-9
Let a(t) = 7*t**2 + 0*t**2 - t**3 - 4*t + 7 + 0 - 1 - 3*t. Give a(4).
26
Let z(v) be the third derivative of -2/3*v**3 - 3*v**2 + 0 + 1/24*v**4 + 0*v. Calculate z(8).
4
Let q be (-13 - -12)*(0 + -1). Let m(u) = u**3 + 3*u**2 - 2*u - 1. Let t be m(-3). Let h(p) = 3*p**2 - 2*p**2 + q + 0*p**2 - 6*p + t. Give h(4).
-2
Let r be (-2)/((-4)/(-15)*6)*4. Let q(t) = t**2 + 6*t + 4. Calculate q(r).
-1
Let z(t) = t**3 - 3*t - 11*t**2 + 13*t - 13*t + 32. Let w be z(11). Let b(v) = 15*v**2 + 1. What is b(w)?
16
Let n(z) be the first derivative of z**5/120 + z**4/12 - 5*z**3 + 17. Let p(c) be the third derivative of n(c). Let m be -4 - (-1 + 3) - -1. Determine p(m).
-3
Let t(z) = 3*z**2 + 38*z + 27. Suppose -3*b + 2*y = 46, -3*b - 5*y + 13 = -2*b. Give t(b).
3
Let p(w) be the second derivative of w**3/3 + w**2 + w. Let a(y) = -3*y - 16. Let g be a(-7). Suppose -g*s + 4*u + 5 = u, -5*s - 5*u + 45 = 0. Give p(s).
10
Let b(k) = -12*k**3 - 2*k + 1. Let x = -241 - -337. Let g = x - 95. What is b(g)?
-13
Let n(s) = -5*s - 1. Let z(i) = -4*i - 4. Let t(y) = 3*n(y) - 4*z(y). Determine t(-10).
3
Let c(f) = 3*f**3 + 3*f**2 + f - 9. Let o(y) = -4*y**2 + 0*y + 13 - 6*y**3 + 2*y**3 - y. Let d(x) = -7*c(x) - 5*o(x). Let p = 10 + -12. Calculate d(p).
6
Let z be 1/2*(-36)/(-3). Let f(g) = 3*g - 13. Let k(w) = 6*w - 25. Let r(a) = 11*f(a) - 6*k(a). What is r(z)?
-11
Let d(t) be the second derivative of 2*t**3/3 - 9*t**2/2 - 7*t. Let y(z) = 5*z - 10. Let l = -6 - 0. Let v(g) = l*d(g) + 5*y(g). What is v(0)?
4
Let h(j) = -6*j - 5. Let k(o) = 20*o + 13. Let a(l) = 7*h(l) + 2*k(l). What is a(-7)?
5
Let h(f) = -10*f - 91. Let n be h(-8). Let j(q) = -q**2 - 10*q + 3. What is j(n)?
-8
Let a = 11 - 4. Suppose a*p = 2*p - 30. Let r(m) = m**3 + 7*m**2 + 6*m + 9. Calculate r(p).
9
Let v(w) = w - 5*w + 5 + 33 - 9 + 3*w. What is v(10)?
19
Let v(x) = 10*x**3 - 3*x**2 + x + 1. Let o(w) = 7*w**3 - 4*w**2 - w + 2. Let g(b) = -3*o(b) + 2*v(b). Determine g(7).
-18
Suppose 0 = 3*j - 10 - 5. Let f be -7*1/(-1)*j. Let p be (-7)/5 + 14/f. Let b(h) = h + 1. Give b(p).
0
Let k(t) be the second derivative of -1/2*t**2 - 1/20*t**5 - 3*t + 1/2*t**3 + 0 - 1/120*t**6 + 1/6*t**4. Let o(g) be the first derivative of k(g). Give o(-4).
3
Suppose 10*h + 12 = 2*g + 8*h, 3*g = -5*h - 22. Let j(y) be the second derivative of -3*y**5/4 + y**4/6 - y**3/6 - y. Determine j(g).
-14
Let u(k) = 3*k + 1. Let f = 124 - 127. Give u(f).
-8
Let t(n) = n**3 - 24*n**2 + n - 28. Let g be t(24). Let h(f) = -5*f - 4. Give h(g).
16
Let g(m) be the second derivative of -m**5/20 - m**3/3 - m**2/2 - 6*m + 2. Determine g(-1).
2
Let g(j) = -59*j**2 + 8 - 62*j**2 + 112*j**2 + 6*j + j**3. Calculate g(8).
-8
Let u = -1909 + 1912. Let j(y) = -2*y**2 - 5*y - 4. What is j(u)?
-37
Let l be (8/5)/2 + (-544)/720*9. Let c(f) = 7*f**3 + 5*f**2 - 12*f + 2. Let m(b) = -6*b**3 - 5*b**2 + 11*b - 3. Let t(j) = 5*c(j) + 6*m(j). Determine t(l).
-8
Let m(y) = -y. Let u(t) = 1. Let z(x) = 2*m(x) - u(x). Let i(w) be the second derivative of w**5/20 - w**4/3 + w**2/2 + 3*w. Let q be i(4). Wha